{"id":1667,"date":"2025-03-17T14:39:45","date_gmt":"2025-03-17T13:39:45","guid":{"rendered":"https:\/\/meditation-chemindesroches.be\/WP\/?post_type=mec-events&#038;p=1667"},"modified":"2025-03-17T14:39:47","modified_gmt":"2025-03-17T13:39:47","slug":"evenement-181-559-296","status":"publish","type":"mec-events","link":"https:\/\/www.meditation-chemindesroches.be\/WP\/events\/evenement-181-559-296\/","title":{"rendered":"Weekend de Yoga &#038; Cuisine Ayurv\u00e9dique\u00a0\u00ab\u00a0Sant\u00e9, Equilibre, Long\u00e9vit\u00e9\u00a0\u00bb\u00a0"},"content":{"rendered":"\n<p>Avec Elise Rousse<\/p>\n\n\n\n<p>Plus d&rsquo;information et inscription : <a href=\"https:\/\/www.eliserousse.com\/weekend-yoga-bien\u00eatre-mars2025?lang=fr\" target=\"_blank\" rel=\"noreferrer noopener\"> <\/a><a href=\"https:\/\/www.eliserousse.com\/weekend-yoga-cuisine-ayurv\u00e9dique-sept2025\" target=\"_blank\" rel=\"noreferrer noopener\">https:\/\/www.eliserousse.com\/weekend-yoga-cuisine-ayurv\u00e9dique-sept202<\/a><a href=\"https:\/\/www.eliserousse.com\/weekend-yoga-cuisine-ayurv\u00e9dique-sept2025\">5<\/a><\/p>\n\n\n\n<hr class=\"wp-block-separator has-css-opacity\"\/>\n\n\n\n<p><strong>Dates et lieu<\/strong>: du 19 (17-17h30h) au 21 (16h) septembre 2025 \u2013 \u00e0 la Maison du Chemin des Roches<\/p>\n\n\n\n<p><strong>H\u00e9bergement&nbsp;<\/strong>: en chambre double ou individuelle, nourriture v\u00e9g\u00e9tarienne<\/p>\n\n\n\n<p><strong>Participation aux frais<\/strong>\u00a0: \u20ac359\/personne   &#8211;   690\/2 personnes<\/p>\n\n\n\n<p><\/p>\n\n\n\n<p><\/p>\n","protected":false},"excerpt":{"rendered":"<p>Avec Elise Rousse Plus d&rsquo;information et inscription : https:\/\/www.eliserousse.com\/weekend-yoga-cuisine-ayurv\u00e9dique-sept2025 Dates et lieu: du 19 (17-17h30h) au 21 (16h) septembre 2025 \u2013 \u00e0 la Maison du&hellip;<\/p>\n","protected":false},"author":1,"featured_media":0,"comment_status":"closed","ping_status":"closed","template":"","tags":[],"mec_category":[41],"class_list":["post-1667","mec-events","type-mec-events","status-publish","hentry","mec_category-stage"],"_links":{"self":[{"href":"https:\/\/www.meditation-chemindesroches.be\/WP\/wp-json\/wp\/v2\/mec-events\/1667","targetHints":{"allow":["GET"]}}],"collection":[{"href":"https:\/\/www.meditation-chemindesroches.be\/WP\/wp-json\/wp\/v2\/mec-events"}],"about":[{"href":"https:\/\/www.meditation-chemindesroches.be\/WP\/wp-json\/wp\/v2\/types\/mec-events"}],"author":[{"embeddable":true,"href":"https:\/\/www.meditation-chemindesroches.be\/WP\/wp-json\/wp\/v2\/users\/1"}],"replies":[{"embeddable":true,"href":"https:\/\/www.meditation-chemindesroches.be\/WP\/wp-json\/wp\/v2\/comments?post=1667"}],"wp:attachment":[{"href":"https:\/\/www.meditation-chemindesroches.be\/WP\/wp-json\/wp\/v2\/media?parent=1667"}],"wp:term":[{"taxonomy":"post_tag","embeddable":true,"href":"https:\/\/www.meditation-chemindesroches.be\/WP\/wp-json\/wp\/v2\/tags?post=1667"},{"taxonomy":"mec_category","embeddable":true,"href":"https:\/\/www.meditation-chemindesroches.be\/WP\/wp-json\/wp\/v2\/mec_category?post=1667"}],"curies":[{"name":"wp","href":"https:\/\/api.w.org\/{rel}","templated":true}]}}

Weekend de Yoga &#038; Cuisine Ayurvédique « Santé, Equilibre, Longévité »

<p>Avec Elise Rousse</p>



<p>Plus d&rsquo;information et inscription : <a href="https://www.eliserousse.com/weekend-yoga-bienêtre-mars2025?lang=fr" target="_blank" rel="noreferrer noopener"> </a><a href="https://www.eliserousse.com/weekend-yoga-cuisine-ayurvédique-sept2025" target="_blank" rel="noreferrer noopener">https://www.eliserousse.com/weekend-yoga-cuisine-ayurvédique-sept202</a><a href="https://www.eliserousse.com/weekend-yoga-cuisine-ayurvédique-sept2025">5</a></p>



<hr class="wp-block-separator has-css-opacity"/>



<p><strong>Dates et lieu</strong>: du 19 (17-17h30h) au 21 (16h) septembre 2025 – à la Maison du Chemin des Roches</p>



<p><strong>Hébergement&nbsp;</strong>: en chambre double ou individuelle, nourriture végétarienne</p>



<p><strong>Participation aux frais</strong> : €359/personne   &#8211;   690/2 personnes</p>



<p></p>



<p></p>

<p>Avec Elise Rousse Plus d&rsquo;information et inscription : https://www.eliserousse.com/weekend-yoga-cuisine-ayurvédique-sept2025 Dates et lieu: du 19 (17-17h30h) au 21 (16h) septembre 2025 – à la Maison du&hellip;</p>
