{"id":1686,"date":"2025-06-12T17:47:47","date_gmt":"2025-06-12T15:47:47","guid":{"rendered":"https:\/\/meditation-chemindesroches.be\/WP\/?post_type=mec-events&#038;p=1686"},"modified":"2025-06-12T17:47:48","modified_gmt":"2025-06-12T15:47:48","slug":"evenement-522","status":"publish","type":"mec-events","link":"https:\/\/www.meditation-chemindesroches.be\/WP\/events\/evenement-522\/","title":{"rendered":"Calligraphie : \u201cLes oiseaux, nos compagnons de paradis\u201d"},"content":{"rendered":"\n<p class=\"has-text-align-center has-medium-font-size\"><strong>Stage r\u00e9sidentiel<\/strong><\/p>\n\n\n<div class=\"wp-block-image\">\n<figure class=\"aligncenter size-full\"><img decoding=\"async\" width=\"203\" height=\"221\" src=\"http:\/\/meditation-chemindesroches.be\/WP\/wp-content\/uploads\/2025\/06\/Image2.jpg\" alt=\"\" class=\"wp-image-1687\"\/><\/figure>\n<\/div>\n\n\n<p><em>\u201cLes oiseaux gardent parmi nous quelque chose du chant de la cr\u00e9ation\u201d, dit le po\u00e8te. Symbole des relations entre la terre et le ciel, ils repr\u00e9sentent notre part spirituelle et nous lib\u00e8rent de toute pesanteur.<\/em><\/p>\n\n\n\n<p><em>En nous ouvrant \u00e0 cette dimension de libert\u00e9, ils viendront nous inspirer des calligraphies et des illustrations qui nous feront entrer dans la louange au Cr\u00e9ateur.<\/em><\/p>\n\n\n\n<p>La calligraphie est un chemin d\u2019int\u00e9riorisation et de transformation qui engage le corps le souffle l\u2019esprit.&nbsp; Une aventure v\u00e9cue dans la pri\u00e8re et la m\u00e9ditation. Nous aborderons l\u2019\u00e9criture ronde m\u00e9di\u00e9vale \u201cCaroline\u201d et des illustrations autour du th\u00e8me magistral de l\u2019arbre.<\/p>\n\n\n\n<p><strong>Ce stage s\u2019adresse \u00e0 tous, d\u00e9butant.e.s ou confirm\u00e9.es (Places limit\u00e9es)<\/strong><\/p>\n\n\n\n<p><em>Stage anim\u00e9 par Sophie Guichard calligraphe, enlumineuse et graphologue et soeur Barbara. Ouvert \u00e0 tous, d\u00e9butants et confirm\u00e9<\/em><\/p>\n\n\n\n<hr class=\"wp-block-separator has-css-opacity\"\/>\n\n\n\n<p><strong>Dates et lieu<\/strong>: du 25 (9h30) au 27 (16h) novembre 2025 \u2013 \u00e0 la Maison du Chemin des Roches<\/p>\n\n\n\n<p><strong>Participation aux frais<\/strong>\u00a0: sur donation libre et consciente (montant indicatif: 300 \u20ac)<\/p>\n\n\n\n<p><strong>Inscriptions et informations <\/strong>:\u00a0\u00a0<a href=\"mailto:info@meditation-chemindesroches.be\">info@meditation-chemindesroches.be<\/a> \u00a0\/  tel: 0460.97.21.56<\/p>\n\n\n\n<p><\/p>\n","protected":false},"excerpt":{"rendered":"<p>Stage r\u00e9sidentiel \u201cLes oiseaux gardent parmi nous quelque chose du chant de la cr\u00e9ation\u201d, dit le po\u00e8te. Symbole des relations entre la terre et le&hellip;<\/p>\n","protected":false},"author":1,"featured_media":0,"comment_status":"closed","ping_status":"closed","template":"","tags":[],"mec_category":[41],"class_list":["post-1686","mec-events","type-mec-events","status-publish","hentry","mec_category-stage"],"_links":{"self":[{"href":"https:\/\/www.meditation-chemindesroches.be\/WP\/wp-json\/wp\/v2\/mec-events\/1686","targetHints":{"allow":["GET"]}}],"collection":[{"href":"https:\/\/www.meditation-chemindesroches.be\/WP\/wp-json\/wp\/v2\/mec-events"}],"about":[{"href":"https:\/\/www.meditation-chemindesroches.be\/WP\/wp-json\/wp\/v2\/types\/mec-events"}],"author":[{"embeddable":true,"href":"https:\/\/www.meditation-chemindesroches.be\/WP\/wp-json\/wp\/v2\/users\/1"}],"replies":[{"embeddable":true,"href":"https:\/\/www.meditation-chemindesroches.be\/WP\/wp-json\/wp\/v2\/comments?post=1686"}],"wp:attachment":[{"href":"https:\/\/www.meditation-chemindesroches.be\/WP\/wp-json\/wp\/v2\/media?parent=1686"}],"wp:term":[{"taxonomy":"post_tag","embeddable":true,"href":"https:\/\/www.meditation-chemindesroches.be\/WP\/wp-json\/wp\/v2\/tags?post=1686"},{"taxonomy":"mec_category","embeddable":true,"href":"https:\/\/www.meditation-chemindesroches.be\/WP\/wp-json\/wp\/v2\/mec_category?post=1686"}],"curies":[{"name":"wp","href":"https:\/\/api.w.org\/{rel}","templated":true}]}}

<p class="has-text-align-center has-medium-font-size"><strong>Stage résidentiel</strong></p>


<div class="wp-block-image">
<figure class="aligncenter size-full"><img decoding="async" width="203" height="221" src="http://meditation-chemindesroches.be/WP/wp-content/uploads/2025/06/Image2.jpg" alt="" class="wp-image-1687"/></figure>
</div>


<p><em>“Les oiseaux gardent parmi nous quelque chose du chant de la création”, dit le poète. Symbole des relations entre la terre et le ciel, ils représentent notre part spirituelle et nous libèrent de toute pesanteur.</em></p>



<p><em>En nous ouvrant à cette dimension de liberté, ils viendront nous inspirer des calligraphies et des illustrations qui nous feront entrer dans la louange au Créateur.</em></p>



<p>La calligraphie est un chemin d’intériorisation et de transformation qui engage le corps le souffle l’esprit.&nbsp; Une aventure vécue dans la prière et la méditation. Nous aborderons l’écriture ronde médiévale “Caroline” et des illustrations autour du thème magistral de l’arbre.</p>



<p><strong>Ce stage s’adresse à tous, débutant.e.s ou confirmé.es (Places limitées)</strong></p>



<p><em>Stage animé par Sophie Guichard calligraphe, enlumineuse et graphologue et soeur Barbara. Ouvert à tous, débutants et confirmé</em></p>



<hr class="wp-block-separator has-css-opacity"/>



<p><strong>Dates et lieu</strong>: du 25 (9h30) au 27 (16h) novembre 2025 – à la Maison du Chemin des Roches</p>



<p><strong>Participation aux frais</strong> : sur donation libre et consciente (montant indicatif: 300 €)</p>



<p><strong>Inscriptions et informations </strong>:  <a href="mailto:info@meditation-chemindesroches.be">info@meditation-chemindesroches.be</a>  /  tel: 0460.97.21.56</p>



<p></p>

<p>Stage résidentiel “Les oiseaux gardent parmi nous quelque chose du chant de la création”, dit le poète. Symbole des relations entre la terre et le&hellip;</p>
